What is the hundreds digit of 10345?
3
What is the ten thousands digit of 25623?
2
What is the tens digit of 303?
0
What is the units digit of 8569?
9
What is the units digit of 8919?
9
What is the units digit of 52278?
8
What is the hundreds digit of 25992?
9
What is the units digit of 2030?
0
What is the thousands digit of 4046?
4
What is the hundreds digit of 287?
2
What is the units digit of 3671?
1
What is the units digit of 942?
2
What is the units digit of 94653?
3
What is the units digit of 21442?
2
What is the tens digit of 14020?
2
What is the units digit of 32156?
6
What is the units digit of 1510?
0
What is the thousands digit of 24888?
4
What is the tens digit of 37107?
0
What is the hundreds digit of 813?
8
What is the ten thousands digit of 93922?
9
What is the thousands digit of 36357?
6
What is the thousands digit of 1572?
1
What is the thousands digit of 72193?
2
What is the tens digit of 5346?
4
What is the tens digit of 17?
1
What is the hundreds digit of 98602?
6
What is the hundreds digit of 59362?
3
What is the units digit of 552?
2
What is the thousands digit of 29036?
9
What is the hundreds digit of 607?
6
What is the units digit of 28689?
9
What is the hundreds digit of 358?
3
What is the thousands digit of 1585?
1
What is the thousands digit of 53311?
3
What is the units digit of 1481?
1
What is the hundreds digit of 17975?
9
What is the units digit of 565?
5
What is the tens digit of 34?
3
What is the units digit of 226?
6
What is the units digit of 29585?
5
What is the hundreds digit of 9964?
9
What is the tens digit of 27?
2
What is the tens digit of 535?
3
What is the hundreds digit of 3511?
5
What is the tens digit of 50558?
5
What is the units digit of 4471?
1
What is the ten thousands digit of 25670?
2
What is the thousands digit of 2423?
2
What is the hundreds digit of 136?
1
What is the tens digit of 351?
5
What is the tens digit of 874?
7
What is the units digit of 1277?
7
What is the tens digit of 7837?
3
What is the hundreds digit of 14255?
2
What is the units digit of 3788?
8
What is the thousands digit of 2184?
2
What is the hundreds digit of 3451?
4
What is the units digit of 30?
0
What is the hundreds digit of 6794?
7
What is the thousands digit of 4862?
4
What is the hundreds digit of 5145?
1
What is the hundreds digit of 18751?
7
What is the units digit of 103293?
3
What is the tens digit of 5979?
7
What is the thousands digit of 1402?
1
What is the thousands digit of 1578?
1
What is the ten thousands digit of 13303?
1
What is the hundreds digit of 3631?
6
What is the hundreds digit of 8051?
0
What is the hundreds digit of 62013?
0
What is the hundreds digit of 247?
2
What is the hundreds digit of 3485?
4
What is the hundreds digit of 723?
7
What is the units digit of 8012?
2
What is the thousands digit of 13415?
3
What is the hundreds digit of 4923?
9
What is the thousands digit of 60923?
0
What is the tens digit of 5241?
4
What is the thousands digit of 4421?
4
What is the hundreds digit of 2457?
4
What is the thousands digit of 1946?
1
What is the hundreds digit of 2005?
0
What is the ten thousands digit of 11265?
1
What is the hundreds digit of 244?
2
What is the thousands digit of 17890?
7
What is the hundreds digit of 144?
1
What is the hundreds digit of 1078?
0
What is the hundreds digit of 3785?
7
What is the hundreds digit of 11789?
7
What is the tens digit of 7219?
1
What is the thousands digit of 6348?
6
What is the ten thousands digit of 17489?
1
What is the units digit of 36310?
0
What is the hundreds digit of 776?
7
What is the tens digit of 33357?
5
What is the units digit of 1345?
5
What is the hundreds digit of 27287?
2
What is the ten thousands digit of 20129?
2
What is the tens digit of 212?
1
What is the units digit of 1253?
3
What is the units digit of 62?
2
What is the hundreds digit of 3784?
7
What is the units digit of 8?
8
What is the tens digit of 765?
6
What is the hundreds digit of 43759?
7
What is the units digit of 7295?
5
What is the hundreds digit of 52110?
1
What is the tens digit of 5018?
1
What is the tens digit of 9680?
8
What is the hundreds digit of 870?
8
What is the thousands digit of 3064?
3
What is the tens digit of 8204?
0
What is the thousands digit of 2289?
2
What is the hundreds digit of 145?
1
What is the units digit of 25901?
1
What is the units digit of 11423?
3
What is the tens digit of 57089?
8
What is the tens digit of 8738?
3
What is the units digit of 1247?
7
What is the hundreds digit of 5049?
0
What is the hundreds digit of 274?
2
What is the hundreds digit of 2795?
7
What is the ten thousands digit of 43063?
4
What is the thousands digit of 6741?
6
What is the tens digit of 814?
1
What is the tens digit of 662?
6
What is the tens digit of 5099?
9
What is the units digit of 793?
3
What is the hundreds digit of 138?
1
What is the units digit of 1156?
6
What is the thousands digit of 8633?
8
What is the hundreds digit of 32307?
3
What is the tens digit of 88393?
9
What is the thousands digit of 26533?
6
What is the units digit of 2258?
8
What is the hundreds digit of 2798?
7
What is the hundreds digit of 2910?
9
What is the units digit of 2102?
2
What is the units digit of 1652?
2
What is the units digit of 1978?
8
What is the thousands digit of 70529?
0
What is the tens digit of 7589?
8
What is the thousands digit of 18330?
8
What is the tens digit of 76345?
4
What is the units digit of 50279?
9
What is the thousands digit of 18533?
8
What is the thousands digit of 82998?
2
What is the tens digit of 223?
2
What is the units digit of 3295?
5
What is the thousands digit of 2020?
2
What is the ten thousands digit of 10662?
1
What is the units digit of 7906?
6
What is the units digit of 724?
4
What is the ten thousands digit of 56512?
5
What is the units digit of 1409?
9
What is the ten thousands digit of 76125?
7
What is the ten thousands digit of 16308?
1
What is the hundreds digit of 8369?
3
What is the units digit of 11371?
1
What is the thousands digit of 43051?
3
What is the hundreds digit of 16259?
2
What is the hundreds digit of 90336?
3
What is the ten thousands digit of 61149?
6
What is the hundreds digit of 29809?
8
What is the thousands digit of 21255?
1
What is the hundreds digit of 6089?
0
What is the tens digit of 53745?
4
What is the tens digit of 1111?
1
What is the hundred thousands digit of 120605?
1
What is the thousands digit of 4424?
4
What is the thousands digit of 3014?
3
What is the units digit of 1325?
5
What is the units digit of 3511?
1
What is the hundreds digit of 6843?
8
What is the hundreds digit of 2640?
6
What is the units digit of 5669?
9
What is the thousands digit of 45849?
5
What is the units digit of 167?
7
What is the units digit of 4820?
0
What is the units digit of 272?
2
What is the units digit of 870?
0
What is the hundreds digit of 2583?
5
What is the units digit of 277?
7
What is the units digit of 3877?
7
What is the hundreds digit of 77585?
5
What is the units digit of 858?
8
What is the thousands digit of 1787?
1
What is the thousands digit of 4455?
4
What is the thousands digit of 63882?
3
What is the hundreds digit of 8641?
6
What is the hundreds digit of 15091?
0
What is the hundreds digit of 54631?
6
What is the thousands digit of 1956?
1
What is the tens digit of 70410?
1
What is the tens digit of 2044?
4
What is the hundreds digit of 5506?
5
What is the units digit of 38968?
8
What is the hundreds digit of 34771?
7
What is the tens digit of 228?
2
What is the thousands digit of 1513?
1
What is the tens digit of 6011?
1
What is the hundreds digit of 35537?
5
What is the tens digit of 33977?
7
What is the tens digit of 680?
8
What is the ten thousands digit of 69752?
6
What is the tens digit of 333?
3
What is the units digit of 45849?
9
What is the hundreds digit of 1015?
0
What is the hundreds digit of 24765?
7
What is the hundreds digit of 430?
4
What is the tens digit of 8018?
1
What is the tens digit of 1988?
8
What is the thousands digit of 1165?
1
What is the thousands digit of 16227?
6
What is the hundreds digit of 3003?
0
What is the tens digit of 19093?
9
What is the tens digit of 3922?
2
What is the hundreds digit of 861?
8
What is the thousands digit of 10499?
0
What is the thousan